 of o?
8
Let q(z) = -1004*z - 1385. What is the thousands digit of q(-9)?
7
Suppose -p + 2*p - 420 = 0. Let x(u) = 7*u**2 - 21*u - 22. Let v be x(-1). Suppose v*w - 324 = p. What is the hundreds digit of w?
1
Let w(h) = 1655*h + 51. Let y be w(-2). Let g = -2265 - y. What is the units digit of g?
4
Let k = 71 + -69. Suppose 26 = 4*d - k*j, -3*d + 0*j + 16 = 2*j. Suppose d*c - 341 + 83 = 0. What is the units digit of c?
3
Let m be (6 - 10) + (-6)/(6/(-2)). What is the tens digit of 1*((m - (-764)/2) + -3)?
7
Let m be (-6)/(-4)*8/6. Suppose -n - m*n + 186 = 0. Suppose n + 66 = 2*x. What is the tens digit of x?
6
Let k(m) be the first derivative of -69*m**2 + 9*m - 43. Let d be k(-4). Suppose -813 = -3*a + 2*l, 2*a + 9*l - d = 4*l. What is the units digit of a?
3
Let d(q) = -2*q**2 + 32*q - 28. Let v be d(15). Suppose -v*t = -146 - 148. What is the units digit of t?
7
Let k(f) = 78*f**3 - f**2 + f - 3. Let w(c) = -156*c**3 + 3*c**2 - 2*c + 8. Let y(h) = -5*k(h) - 2*w(h). What is the tens digit of y(-1)?
7
Let n = 405 - 316. Let w = n - -155. What is the units digit of w?
4
Let z(k) = k**3 + 70*k**2 - 20*k + 241. What is the units digit of z(-70)?
1
Let d(u) = 2*u**2 - 15*u + 39. Let j(q) = -4*q - 77. Let s be j(-20). What is the tens digit of d(s)?
1
Suppose 2*h - 5*h = -12. Let b(q) = 133*q - 27. Let n be b(h). Suppose -2*o + 340 = -5*u, 3*o = 6*o - 5*u - n. What is the tens digit of o?
6
Suppose -i - 2*i - 3 = m, 0 = 2*m + 2*i + 22. Let w be 2736/m*-1*(-20)/(-6). Suppose 153*n + w = 157*n. What is the hundreds digit of n?
1
Let w(n) = 165*n + 10. Let p be w(3). Suppose -2*o + p = l + 83, -4*l + 1701 = -5*o. What is the hundreds digit of l?
4
Let f(w) = -w**3 + 19*w**2 - 9*w - 62. Let x be f(13). Suppose x = -15*z + 9625. What is the hundreds digit of z?
5
Let r(i) = 206*i - 3179. What is the ten thousands digit of r(100)?
1
Let x be (-4 - 25/5) + -3. Let n(w) = w**3 + 11*w**2 - 13*w - 12. Let d be n(x). Suppose -f - 6*f + 567 = d. What is the units digit of f?
1
Let b(w) = 149*w**3 + 3*w**2 + 7*w + 11. What is the hundreds digit of b(3)?
0
Let i = -24 - -21. Let f be 0/i + 8 - -1. Suppose f*n - 5*n - 488 = 0. What is the tens digit of n?
2
Suppose 0 = -3*j + 3*m + 711, j - 2*m - 252 = -6*m. Let o = j + -151. What is the units digit of o?
9
What is the tens digit of (-288 - -1)/(523/(-5753))?
5
Suppose -x = 2*x - 6. Let a(j) = 29*j**2 + 0*j**2 + 69*j**x - 2 - 2*j + j. What is the units digit of a(-1)?
7
Suppose 200*f = -2*q + 198*f + 9664, 5*q = 2*f + 24139. What is the units digit of q?
9
Let q(j) = j**3 + 2*j**2 + j + 9. Let s be -1 - (-3 + (8 - -1)). Let y be q(s). What is the hundreds digit of (26/(-6))/13*y*3?
2
Let i(j) = 9*j**2 - 4*j + 5. Let n be i(3). Let r be (16 + -15)/(1/49)*-1. Let u = r + n. What is the tens digit of u?
2
Let z(d) = -1149*d + 315. What is the hundreds digit of z(-5)?
0
Let n be -72 + 1/2*(6 + -4). Let u = n + 158. What is the tens digit of u?
8
Suppose 3*v + 3*l = -87, l = -2*v + 5*l - 46. Let w = -31 - v. What is the tens digit of ((-8)/8)/(2/w) + 217?
1
Let b(l) = -10*l - 27 + 90*l + 8*l. Let j be b(3). Let a = j - 67. What is the hundreds digit of a?
1
Let u(q) = -2*q**3 - 20*q**2 + 13*q + 9. What is the thousands digit of u(-19)?
6
Let y be (4/(-10))/(1/5). Let i be 56/(-1) - ((-2 - -4) + 2). What is the units digit of ((-12348)/i - (-1)/5) + y?
4
Suppose -5*z = c - 26, -2*z + 13 = 5*c - 2. Suppose -1167 = z*i + 233. Let l = 503 + i. What is the hundreds digit of l?
2
Suppose 124*q + h + 1419 = 129*q, -3*h + 837 = 3*q. What is the hundreds digit of q?
2
What is the thousands digit of 5361 + 3/(9/(-30))?
5
Let x(h) = -h**2 + 20*h - 92. Let i be x(10). Suppose i*l = 6*l + 546. What is the units digit of l?
3
Suppose 4325791 = 66*b + 1015363. What is the units digit of b?
8
Suppose 2*c = -5*o + 20613, 4274 + 8096 = 3*o - c. What is the tens digit of o?
2
Let z(k) be the second derivative of 110*k**3/3 + k**2 + k + 3. What is the tens digit of z(6)?
2
Let v(y) = 14*y**2 + 3*y + 98. Let f be 2*3/(-18) + 119/(-21). What is the hundreds digit of v(f)?
5
Let u be -2 + 846/4*44/33. Let l = 304 - u. What is the units digit of l?
4
Let p = -13024 + 40128. What is the ten thousands digit of p?
2
Suppose 0 = 6*t - 375 - 381. Let p = t - -165. What is the units digit of p?
1
What is the ten thousands digit of ((-12)/(-2) + -7 + 3)/((-8)/(-134996))?
3
Suppose -2 = -15*o + 73. Suppose -3*p = -o*s + 3138, -p - 419 = -s + 207. Suppose s = 5*v - 150. What is the hundreds digit of v?
1
Let h(k) = 5*k**3 + 73*k + 34. What is the tens digit of h(13)?
6
Let p(s) = -22*s - 3. Let k be p(-8). Let f = -8 + k. What is the tens digit of f?
6
Suppose -67164 = -5*b + 2*z, -2*b = 23*z - 22*z - 26862. What is the units digit of b/46 - (0 + 2 + 1)?
9
Let x(g) = g**3 + 2*g**2 - 3*g - 4. Let p be x(-2). Suppose -4*r + p*u + 7680 = -0*u, 2*u = -3*r + 5774. What is the hundreds digit of r?
9
Let n(u) = -106*u - 1795. What is the tens digit of n(-54)?
2
Let s = 6678 - 126. What is the thousands digit of s?
6
Suppose -71*w = -69*w - 5*o - 8474, 5*w - 4*o - 21151 = 0. What is the units digit of w?
7
Let b(u) = u**3 - 7*u**2 + u + 15. Let o be b(7). Let h = -74 + o. What is the hundreds digit of 3/39*-2 + (-6976)/h?
1
Suppose -168 = -5*h + h + 2*j, 0 = 2*h - 3*j - 88. What is the tens digit of (-1*h)/(7 - (-4 - -12))?
4
Let f(t) = -t**3 - 35*t**2 - 100*t - 4. What is the hundreds digit of f(-35)?
4
What is the units digit of (-1689)/2*(-112)/63*3?
4
Suppose -11*g + 21765 = 2482. What is the units digit of g?
3
Suppose 34 = 4*n + q - 0, -6 = -2*n + 5*q. Let x be 5/(-2) - (-4)/n. What is the units digit of (x + -46)*8/(-6)?
4
Suppose 0 = -3*t - 2*y + 23805, -11*t + y = -7*t - 31751. What is the units digit of t?
7
Suppose 2*h = 5*d - 3354, 5*h = 4*d - 2729 + 39. What is the units digit of d?
0
Let m be (-3)/(2/(-6) + 0). Let w(y) be the third derivative of 7*y**4/12 - 3*y**3/2 - 43*y**2. What is the hundreds digit of w(m)?
1
Let b(n) = -236*n**3 - 60*n - 172. What is the hundreds digit of b(-3)?
3
Suppose 0 = -3*r - 9, -d + 0*r + 178 = -r. Let n = 222 + d. What is the hundreds digit of n?
3
Suppose -2*l + 40 = -22*n + 24*n, -3*l = n - 30. What is the units digit of (n/10 - 2)*-302?
1
Let t be (3 - -732) + -3 + 0. Suppose t - 3172 = -5*k. What is the hundreds digit of k?
4
Suppose x = 4*g - 19005, 0 = 4*g - 176*x + 179*x - 18985. What is the units digit of g?
0
Let o(m) = m**3 - 163*m**2 - 137*m - 1212. What is the thousands digit of o(164)?
3
Let q be 3*8/(-16)*7264/(-12). Suppose -4*d = -d, -m + d = -q. What is the tens digit of m?
0
Suppose 3*y = 4*m - 12 + 36, -2*m = 3*y + 12. What is the tens digit of 8/m - (-831)/9?
9
Let a(f) = 9*f - 15. Let i be a(2). Suppose 206 = 3*w + i*q - 7*q, 4*w + 3*q = 283. What is the tens digit of w?
7
Let z(m) = 56*m + 222. Let r(d) = -111*d - 441. Let h(n) = -2*r(n) - 5*z(n). What is the hundreds digit of h(-14)?
5
Suppose -2*q - 20 = 3*q + 5*g, 5*q + 10 = -3*g. What is the thousands digit of (3 + q - 3) + (-10 - -1065)?
1
Let o = 96029 - 26616. What is the units digit of o?
3
Let w = -30 - -30. Suppose -11*v + 31 + 35 = w. What is the hundreds digit of (-3 + (-143)/(-3))/(v/36)?
2
Let i = 132 - 132. Suppose -2*o + 176 - 68 = i. What is the tens digit of o?
5
Let l(b) = 101*b**2 - 53*b - 727. What is the units digit of l(-14)?
1
Let q = -84 + 79. Let t(h) = -176*h + 24. What is the hundreds digit of t(q)?
9
Let y(b) = b + 1. Let x(n) = -32*n - 3. Let m(g) = x(g) - 3*y(g). Let k(t) = -71*t - 11. Let j(p) = -2*k(p) + 5*m(p). What is the units digit of j(-3)?
1
Let f(h) = 67*h + 8. Let d be f(-5). Let l = d - -733. Let c = l - 258. What is the hundreds digit of c?
1
Let y(a) = 11381*a + 3067. What is the units digit of y(6)?
3
What is the tens digit of 360 - 300/30 - (-4 + 0/(-1))?
5
Let q = -20 + 86. Suppose q*i - 71*i = -15. Suppose -i*t + 73 = -326. What is the tens digit of t?
3
Let s(p) = 11*p**2 - 11*p + 14. Let w be 14/2*(0 - 2/2). What is the hundreds digit of s(w)?
6
Suppose -3*c = 3*m - 7 - 26, 2 = 2*m - 2*c. Let y be m/4 + 15/(-10). Suppose 128 = -y*p + 2*p. What is the tens digit of p?
6
What is the thousands digit of (108/90)/((-4)/10)*24267/(-9)?
8
What is the units digit of (-11 + -443)/((-4)/404)?
4
